se 4*j - 20 = 0, 4*p + 5*j - 16 = 21. Suppose -x = -p*f + 10. What is the units digit of f?
6
Let r = -181 + 114. Let p = -60 - r. What is the units digit of p?
7
Let d(w) = 3*w - 2. Let y be d(2). Suppose 3*o + y*h + 10 = 4*o, h - 4 = -3*o. Suppose -3*j = -o*j - 16. What is the units digit of j?
6
Suppose 3*c = 2*d + 1 + 15, -40 = 5*d - 4*c. Let s be (d/(-10))/((-26)/8515). What is the tens digit of (-12)/(-42) + s/(-14)?
1
Suppose -6*g = -5*g - 4. Let u be (-40)/(-7) - g/(-14). Suppose 5*v - 7 = 3*c, -7*c - u = -5*v - 3*c. What is the units digit of v?
2
Suppose -5*y + y = -1116. Suppose -i = 4*i + 5*m - 465, 3*i - 4*m = y. What is the units digit of i?
3
Let m(b) = 21*b + 8. Let s be m(13). Suppose -4*x + s = 93. What is the units digit of x?
7
Let j = 436 - 243. What is the hundreds digit of j?
1
Suppose 8*h - 2372 = 2644. What is the hundreds digit of h?
6
Let g(v) = -v**3 - 6*v**2 + 2*v + 12. Let h be g(-6). Suppose 260 = 5*k - h*k. What is the units digit of k?
2
Let n(a) = -a**3 + 8*a**2 - 7*a + 2. Let r be n(7). Suppose 24 = 4*g - r*h, 0*g + 2*g - 12 = 3*h. What is the units digit of g?
6
Let n(d) = 687*d**3 - 2*d**2 - 48*d + 104. What is the hundreds digit of n(2)?
4
Suppose q - 2111 = -0*s + 3*s, 3*s - 6369 = -3*q. What is the hundreds digit of q?
1
Let d(q) = -28 + 4*q + 43*q + 26. Let z be d(1). What is the units digit of 828/z + (-4)/10?
8
Let g(d) = 3*d + 12. Let r = -13 + 10. What is the units digit of g(r)?
3
Let t = 1365 + -270. What is the tens digit of t?
9
Let r(o) = -3*o**2 + 8*o + 44. Let u be r(9). Let g = u - -256. What is the units digit of g?
9
Let o be 8/2 - 1/5*0. Suppose 9*l - 1585 = o*l. What is the hundreds digit of l?
3
Let b = 497 + -333. Let u = b - 21. What is the units digit of u?
3
Let z = -34 - -62. Let w = z + -19. What is the units digit of (4*-1)/(-4)*w?
9
Let c(r) = r**2 - 6*r + 8. Suppose a - 9 = -3. Let n(u) = u**2 - 6*u + 7. Let w be n(a). What is the units digit of c(w)?
5
Let x(j) = j**3 + 5*j**2 - j - 1. Let z be x(-5). Let d(p) = -4*p + p - 28*p**3 + 2 + p + z*p. What is the units digit of d(-1)?
8
Suppose -164 = 2*o - 2*c, -c - 107 = 2*o + 66. Let z = o - -137. Suppose -z + 162 = 2*j. What is the tens digit of j?
5
Suppose 4*h = 4*c - 100, -4*h - 122 = -c - 4*c. What is the units digit of c?
2
Suppose -3*y - 2 = 7, -4933 = -4*n + 3*y. What is the tens digit of n?
3
Suppose -5*k - 5*o + 110 = 0, -2*k + 3*o + 8 = -11. Let r = k - 13. Suppose -2*p + 36 = -r. What is the tens digit of p?
2
Let l(s) = -2*s**2 + 5*s - 20. Let m be l(6). Let h = m + 152. What is the units digit of h?
0
Let q = 90 - 85. Suppose 7 + 3 = q*i. What is the units digit of i?
2
Let a = -2695 + 2947. What is the units digit of a?
2
Suppose 0*a - a = -2. Suppose 3*t = t - 8, -a*v - t + 2 = 0. What is the tens digit of (v + -4)/((-2)/54)?
2
Suppose -560865 - 58980 = -129*j. What is the units digit of j?
5
Let k(y) = y**2 + 8*y - 69. What is the units digit of k(-15)?
6
Let m be (-1412)/(-22) + 2/22*-2. What is the tens digit of (2 + (-8)/(-4))/(2/m)?
2
Suppose 18303 = 33*f - 21264. What is the units digit of f?
9
Suppose 5*p = -o + 12930, 4*p = 5*p - 2*o - 2575. What is the hundreds digit of p?
5
Let g(c) = -1080*c - 221. What is the units digit of g(-6)?
9
Suppose 5*j + 4*h - 3 = 10, -2*j + 4*h + 22 = 0. Suppose j*t = -2*w + 244, -4*w - w = -t - 637. What is the hundreds digit of w?
1
Let q(d) = 2*d - 5. Let k be q(5). Suppose 2*f = -2*f + 4*a - 4, -41 = k*f + 4*a. Let m = f - -37. What is the units digit of m?
2
Let b be (5 + -2 - 2) + 443. Suppose -6*h + b = -3*h. What is the hundreds digit of h?
1
Let h be (13 - 4) + (-2)/(-1). Let s = -8 + h. Suppose r - 5*r + 24 = 2*u, -s*r = 5*u - 11. What is the units digit of r?
7
Suppose 3*g = -l - 4 + 1, g = -l - 1. Let w be 3 - (-12 + (-1 - l)). Suppose -p + 12 = -w. What is the tens digit of p?
2
Let u = 30 - 32. What is the units digit of (1/u)/(3/(-36))?
6
What is the hundreds digit of 4*-69*(-20)/15?
3
Suppose -1787 = -24*i + 8701. What is the hundreds digit of i?
4
Let d(w) = 2*w**2 - 7*w + 82. Let l(o) = 3*o**2 - 11*o + 123. Let v(k) = -7*d(k) + 5*l(k). What is the tens digit of v(10)?
8
Suppose 0 = 5*a - 3*y - 29, -4*a - 1 + 2 = 5*y. Suppose a*u - 15 = 5. What is the units digit of 18/u*15/2?
7
Suppose -3*d - 3*c = 2*d + 98, -74 = 3*d - 2*c. Let s = d + 24. Let y(t) = 8*t**2 - t + 3. What is the units digit of y(s)?
3
Let v = 301 + 102. What is the tens digit of v?
0
Let w(f) = 35*f**2 + 12*f + 14. What is the units digit of w(-4)?
6
Let c(d) = 7*d**3 + 4*d**2 - 9*d + 6. Let u(v) = -34*v**3 - 20*v**2 + 44*v - 30. Let l(x) = -14*c(x) - 3*u(x). What is the units digit of l(2)?
2
Let b = 21 - 135. Let c = 164 + b. Suppose -6*z = -z - c. What is the units digit of z?
0
Suppose 4*t - 6441 = 5*n, 12*n = -4*t + 9*n + 6465. What is the hundreds digit of t?
6
Suppose 407 = 14*l - 181. What is the units digit of l?
2
Suppose -4*w - l - 443 = 0, -3*w - 424 = -3*l - 73. Let f = w + 118. What is the units digit of f?
6
Let f = -48 - -52. Let a = f + 210. What is the tens digit of a?
1
Suppose -4*s + 14 = d, 3*d + 2*s - 6*s - 42 = 0. Let y = d - -9. What is the tens digit of y?
2
Suppose -s - z = 2, -3*s + 4*z + 3 = -19. Suppose -s*l - 15 = -69. What is the units digit of l?
7
Suppose 5*n - 4*s - 56 = 0, 2*n = s + s + 22. Let v be 6 + (1 - 0 - -2). Let r = n - v. What is the units digit of r?
3
Let c(k) = 1463*k + 258. What is the units digit of c(2)?
4
Suppose -4*i = -5*k - 1516, 0 = 5*k + 20 - 0. What is the tens digit of i?
7
Suppose t + 40 = -49. Let i = -37 - t. What is the tens digit of i?
5
Let m(z) = -43*z + 9. Let w(g) = -2*g - 18. Let c be w(-8). What is the tens digit of m(c)?
9
Let p be (-9)/27*255/(-1). Suppose -3*v + v + 178 = 4*i, -v = 4*i - p. Suppose -7*l = -v + 9. What is the units digit of l?
2
Let m(o) = o - 13. Let u be m(9). Let a = 146 + u. What is the units digit of (-8)/28 + a/7?
0
What is the tens digit of (7 - 11)/(2/(-2488)*2)?
8
Let r(x) = -x**2 + 3*x + 12. Let p be r(-6). What is the units digit of (-6876)/p + (-6)/(-21)?
4
Let j be (-2)/(-13) - 2/13. What is the units digit of 3 + (j + -1)*-55?
8
Suppose 0 = -21*b + 22*b - 103. Let k = b - 89. What is the tens digit of k?
1
Suppose -23*l + 0*l + 1472 = 0. What is the tens digit of l?
6
Let z be 4*(-2)/(32/(-20)). Suppose -3*p + 2*p + 24 = c, -c = z*p - 100. Suppose 3*i = p + 11. What is the units digit of i?
0
Let c(p) = 7*p - 8. Let b(x) be the first derivative of -13*x**2/2 + 17*x + 8. Let m(j) = 3*b(j) + 5*c(j). What is the tens digit of m(-13)?
6
Let v(p) = -p**3 + 7*p**2 + 12*p - 20. Let x be v(8). Suppose 2*b - x = -2*b. What is the units digit of b?
3
Suppose -5*m = 25, 0*g - 2*m - 18 = 2*g. Let b = 26 + -1. What is the tens digit of 140/b*(-10)/g?
1
Let b = 4486 - 3053. What is the units digit of b?
3
Suppose g + k = 2*g - 7, k = -2*g + 5. What is the units digit of (g - 1)/((-9)/(-21))?
7
Let s = -668 - -671. What is the units digit of s?
3
Let u = -144 + 770. What is the hundreds digit of u?
6
Let q(j) = j**3 - 7*j**2 - 11*j - 16. What is the hundreds digit of q(12)?
5
Let g be 16/(-24) - (-5)/3. Let c = g + 1. Suppose -41 = -r + 2*b, c*r + 2*b + 221 = 7*r. What is the units digit of r?
5
Suppose -5*b + 242 = -12*d + 16*d, 0 = -5*d - 10. What is the tens digit of b?
5
Suppose 0 = -3*l + 52 - 70. What is the units digit of (-2)/(-4)*(l - 0) - -81?
8
Let c = 15 - 12. What is the tens digit of (c/(-1))/(21/(-280))?
4
Let t = 1047 + -465. What is the tens digit of t?
8
Let v = 54 + -53. What is the tens digit of (-45)/((-2 - (2 - 3))*v)?
4
What is the units digit of 1*-4 + 44 + 2725?
5
Let l(w) = 22*w**2 - 93*w + 14. What is the hundreds digit of l(-9)?
6
Let y(p) = p**2 - 9*p - 21. Let k be y(11). Suppose 0 = 2*v + k + 31. What is the tens digit of 33/(-4)*(v + 12)?
3
Let t = 87 - 85. What is the hundreds digit of (-21 + 1)*(t - (-15)/(-2))?
1
Let i be 76/4 + -2 + 0. Suppose c + 2*f - i = 0, 4*c - 4*f = 3*c + 5. What is the units digit of c?
3
Let u be ((-42)/35)/((-2)/10). Suppose 0 = -4*t - 5*i + u, 4*i = -t - 0 - 4. Suppose -t*n - 4*y = -y - 219, n = y + 46. What is the tens digit of n?
5
What is the hundreds digit of 7 + -7 + 334/1?
3
Suppose -17*g = -3*g + 1260. Let q = 95 + g. What is the u